n g(o) is divided by 3?
2
Let p = 0 + -114. Let i = -70 - p. Suppose -6 = 4*z - 66. What is the remainder when i is divided by z?
14
Suppose -n - 90 = -6*n. Let w be (n/15)/((-4)/(-170)). Suppose -3*c + w + 3 = 0. Calculate the remainder when c is divided by 10.
8
Suppose -44*i = -39*i - 300. What is the remainder when 110 is divided by i?
50
Let y(k) = -85*k**3 + k**2 + 3*k + 2. Let o = -3 + 2. Let n be y(o). Suppose -6*j + j + n = 0. Calculate the remainder when 48 is divided by j.
14
Suppose -3*u + 80 - 12 = l, -l - 2*u + 72 = 0. Let g = -55 + l. Calculate the remainder when g is divided by 13.
12
Suppose -4 = -2*q, -1178 - 440 = -4*u + q. What is the remainder when u is divided by 41?
36
Let r = -63 + 86. Let k = -16 + r. What is the remainder when k is divided by 6?
1
Let z = 824 - 816. Calculate the remainder when 133 is divided by z.
5
Calculate the remainder when 12*5/20 - -35 is divided by 32.
6
Let a = 72 + -37. Suppose 1 - 25 = -2*g. Calculate the remainder when a is divided by g.
11
Suppose 7*j = 15*j - 488. What is the remainder when j is divided by 30/(2 - 0) + 1?
13
Let q = 7 + -2. Let v = 517 - 269. Let c = -238 + v. Calculate the remainder when c is divided by q.
0
Let o(k) = -8*k + 19. Let p be o(-6). Let n = -56 + p. What is the remainder when 20 is divided by n?
9
Suppose 24 = 10*w - 26. Let g = -48 + 73. Calculate the remainder when (-35)/(-14)*196/w is divided by g.
23
Let z(i) = -i**3 - i**2 + i - 2. Suppose 2*h + 9 = 11. Let q(j) = 35*j**2 + 3*j - 2. Calculate the remainder when q(h) is divided by z(-3).
10
Suppose -4*t = 3*i - 219 - 345, 0 = -3*t - 4*i + 416. What is the remainder when 459 is divided by t?
27
Suppose 0 = -4*b + 6*b + 3*a - 402, -4*b = 3*a - 792. Calculate the remainder when b is divided by 20.
15
Suppose 188 = 4*b + 4*q - 308, 0 = -3*b - 2*q + 375. Suppose -b = -5*a + 148. What is the remainder when a is divided by (-2 - -33) + 1 + -3?
26
Suppose -477 = -11*d + 2*d. What is the remainder when d is divided by 8?
5
Suppose 2*d - 213 = -5*m - 0*d, -2*m + d = -78. Let n = -89 - -79. Let r = n - -24. Calculate the remainder when m is divided by r.
13
What is the remainder when (-72)/(-18) + 127/1 + 1 is divided by 35?
27
Let i = -29 + 199. Suppose -18 = -2*t - 3*k + 74, -4 = -2*k. What is the remainder when i is divided by t?
41
Let j be (-1 - 0) + (5 - (-3)/(-1)). Suppose 3*s + j = 13. What is the remainder when 11 is divided by s?
3
Suppose -3*r - 3*x = -4 - 5, -3*r + 3*x = -9. Calculate the remainder when (-8 - r - -7)/((-4)/14) is divided by 7.
0
Let q(l) = l**3 - 14*l**2 + 2*l - 19. Let t be q(14). Suppose 0 = 3*k + 51 - t. Calculate the remainder when 48 is divided by (k - 54)*1/(-4).
14
Suppose 380 = 11*j + 28. Calculate the remainder when 63 is divided by j.
31
Suppose -317 = -15*u + 403. What is the remainder when u is divided by 29?
19
Calculate the remainder when 15 is divided by (-17)/(-2) + ((-90)/(-12) - 7).
6
Let d be 56/21*21/(-4). Let j = -9 - d. What is the remainder when (-2)/(-5) + 63/5 is divided by j?
3
Suppose 12 = 2*f - 2*l, f - l - 6 = 3*l. Calculate the remainder when 69 is divided by (f/(-7))/((-6)/63).
6
Suppose -b = 4*k - 6, 4*b + 15 = 4*k - 1. Calculate the remainder when 62 is divided by 96/15*(2 + k/4).
14
Let s = 0 + -14. Suppose 0 = -2*l + 3*l - 25. What is the remainder when l is divided by (s/21)/(2/(-27))?
7
Let w(y) be the first derivative of 2*y**3 - 14*y + 4. What is the remainder when w(4) is divided by 382/18 - (-4)/(-18)?
19
Let p be ((-3)/2)/((-30)/80). Suppose -p*c + 6 = -c. Suppose -4*b + c*b - 4*u = -36, 5*b - 90 = -2*u. What is the remainder when 69 is divided by b?
15
Suppose -6*p = -3*x - p + 103, -4*p - 148 = -4*x. Calculate the remainder when x is divided by (-70)/(-15)*(-9)/(-2).
20
Suppose -2*t - 8 = 3*u, -5*t + 2 = u - 4. Suppose -t*h - 164 = -5*w, 2*h = 5*h - 9. What is the remainder when w is divided by 12?
10
Suppose -2*v + 2*r + 158 = 0, 16*v + 422 = 21*v + 4*r. Calculate the remainder when v is divided by 24.
10
Let h(a) = -a**2 + 2*a + 4. Let s be h(6). Let c = s + 16. Calculate the remainder when c/18 + (-1228)/(-18) is divided by 18.
14
Let b(m) = -3*m + 1. What is the remainder when (8/12)/(2/(-21)) - -14 - -38 is divided by b(-5)?
13
Calculate the remainder when 192 is divided by 8/2 + (-5)/((-20)/36).
10
Let i(z) = -z**3 - 17*z**2 - 20*z - 23. Let l = -42 + 26. Calculate the remainder when 163 is divided by i(l).
40
Let t = 90 - -48. Suppose 10*v - 16*v + t = 0. Let c = -24 + 67. What is the remainder when c is divided by v?
20
Let q be 6/4*20/(-3). Let f = q + 6. Calculate the remainder when 22 is divided by ((-4)/(-3))/(f/(-24)).
6
Let a(k) = 9*k - 3. Let g be (3/(-1))/(9/(-138)). What is the remainder when (-1 + g/(-10))/(214/(-2675)) is divided by a(3)?
22
Let b = -39 + 44. Suppose 0 = -r - 4, -b*h - r + 30 = -61. What is the remainder when h is divided by 9?
1
Suppose 4*t - 8*t = -3*f + 53, 4*t = -2*f + 2. Let d be 11 + (4/4)/(-1). Suppose -15*r + 150 = -d*r. Calculate the remainder when r is divided by f.
8
Let y = 379 - 350. Calculate the remainder when 107 is divided by y.
20
Suppose -3*g - s = -123, 3*s - 52 = -3*g + 65. Calculate the remainder when (-1 + -78)/(1/(-1)) is divided by g.
37
Let u(i) = -3*i - 1. Let b be u(3). Let j be -3*3/18*-24. Let p = j - b. Calculate the remainder when p is divided by 13.
9
Suppose -p - 2*p = -9. Suppose -f = x - 2, -8*x = -f - p*x - 4. Calculate the remainder when f is divided by (-1)/2*(1 - 3).
0
Let k(d) = -10*d - 6. Let h(y) = -10*y - 7. Let c(s) = -3*h(s) + 4*k(s). Calculate the remainder when 2/8 - (-123)/4 is divided by c(-2).
14
Let u = -3 + 3. Let c be u/(0 + -3 + 2). Suppose -2*d = -c*d - 158. Calculate the remainder when d is divided by 27.
25
Suppose -45 = -10*y + 7*y - 4*v, y - 15 = 3*v. Suppose -3*l + 224 = 5*m, -3*m - 2*m - 5*l + 230 = 0. What is the remainder when m is divided by y?
13
Suppose 2*a + a - 4*n = 8, -3*a - 5*n = 37. Calculate the remainder when 61 is divided by (-1581)/34*a/6.
30
Let i(d) = -2*d**3 + 7*d**2 - 9*d - 1. Let c be i(2). Let j(q) = -q**3 - q**2 + 4*q + 19. Calculate the remainder when j(c) is divided by 26.
25
Let x(v) = -v**2 + 5*v - 4. Let u be x(3). Suppose -28 = 5*k + 3*j + u, -5*j = -4*k + 13. What is the remainder when 38 is divided by 4/k*(8 + -23)?
18
Let n(q) = 5*q**2 - 4*q - 2. Let j be n(-1). Suppose -5*m = -j*m + 58. Calculate the remainder when m is divided by 12.
5
Suppose a - 1 = 3*x - 3*a, 10 = 5*x + 5*a. Suppose 4*z = -17 + x. What is the remainder when 2 is divided by -4 - (z + (2 - 4))?
0
Suppose 1 = 4*p + 5*x, 5*p + 0*p = -3*x + 11. Suppose 2*o + 5*y = 128, 0*o + 2*y = p*o - 280. Calculate the remainder when o is divided by 36.
33
Suppose -13 = -2*s + 5*i, s + 16 = 4*s - 4*i. Suppose -5*n + y + 2*y = -416, 2*y - 346 = -s*n. What is the remainder when n is divided by 22?
19
Let t = -50 - -85. Let p = -731 - -1403. Suppose 0 = q - p + 533. What is the remainder when q is divided by t?
34
Suppose 2 - 37 = 5*p. Let q(b) = -4*b + 6. What is the remainder when q(p) is divided by 18?
16
Calculate the remainder when 112 is divided by 6/(-18) + (-244)/(-12) + 3.
20
Suppose 18*g - 32 = 130. Calculate the remainder when 64 is divided by g.
1
Let h = -26 - -34. Let g(v) be the first derivative of 2*v**3/3 - 7*v**2/2 + 10*v - 2. Calculate the remainder when g(h) is divided by 28.
26
Let y(n) = -4 - 5*n**2 + 50*n**2 + 4*n + 2 - 3*n**2. What is the remainder when y(-2) is divided by 41?
35
What is the remainder when 370 is divided by (-7)/((-21)/(-4))*(-1215)/30?
46
What is the remainder when 142 is divided by (27 + -14)/((-4)/(-4))?
12
Suppose 0 = 3*h - 56 + 44. Let j = 12 - 31. Let c = -4 - j. Calculate the remainder when c is divided by h.
3
Let m(k) = 44*k**2 + 2*k - 1. Let b be m(1). Suppose -2*p + 118 = -5*w, 2*w + 143 = 3*p - b. What is the remainder when p is divided by 11?
9
Let b = 2367 - 2267. What is the remainder when 124 is divided by b?
24
Let w = -132 + 145. Let l = 41 - 3. Calculate the remainder when l is divided by w.
12
Let y(u) = 21*u + 28. Let q be y(7). Suppose -45*r + 40*r = -q. What is the remainder when r is divided by 9?
8
Suppose -90 = -4*a - 5*c, -a + 2*c + 29 = -0*c. Suppose 0 = -27*j + 1892 + 700. What is the remaind